(-1)/((-2)/(-1023)). Let d = -255 + g. Calculate the greatest common divisor of d and w.
51
Let r(u) be the first derivative of 13*u**2/2 - 15*u + 71. Let o be r(3). What is the highest common factor of 64 and o?
8
Let z = 9061 - 9038. Let k be 8*46 - (-2 + 2). What is the greatest common factor of k and z?
23
Let h = 3094 - 802. What is the greatest common divisor of 12 and h?
12
Suppose -237 = -3*h - 5*u, 44 = h + 2*u - 35. Calculate the highest common factor of h and 6399.
79
Let c = 27503 + -18892. What is the greatest common factor of c and 109?
109
Let r = -44 + 82. Suppose 0 = -2*v - 4*d + d + 240, -5*v - d + 574 = 0. What is the highest common divisor of r and v?
38
Suppose -9 = -0*d + 3*d. Let m(t) = -t**3 - t**2 - 2*t - 3. Let p be m(d). Suppose -140 - 238 = -2*c. What is the highest common divisor of c and p?
21
Let i be (33/22)/(-3) + (-1054)/4. Let j = i - -278. Calculate the greatest common divisor of 21 and j.
7
Let h = 1500 - 925. What is the highest common factor of h and 3?
1
Let t = -4083 + 4086. What is the greatest common divisor of 267 and t?
3
Suppose c + 2*c = 3*r, 4*c - 45 = -5*r. Let v be (-2)/11 - 2/(-11). Suppose v = -2*t + 21 - c. Calculate the greatest common divisor of 56 and t.
8
Let g(w) = -8*w**3 - 62*w**2 - w - 26. Let c be g(-8). Calculate the highest common factor of c and 143.
11
Let c(d) = -5*d - 240. Let l be c(-48). Suppose 9*g - 188 - 1027 = l. What is the highest common divisor of g and 45?
45
Let y = 25883 + -25813. Let x be (6/15)/((-2)/(-90)). Suppose 4*z - x - 10 = 0. What is the highest common divisor of y and z?
7
Let m = 11900 + -11849. What is the greatest common divisor of 58293 and m?
51
Let u be (12 - 1) + 827 + 127. What is the greatest common divisor of u and 5983?
193
Suppose 3*s - 525 = -0*s. Let p(h) = 11*h**2 - 3*h. Let b be p(1). Suppose -90 = -b*q + 110. What is the greatest common divisor of s and q?
25
Let w(j) = 5*j + 4. Let l be w(10). Suppose -21*c - 297 = -24*c. Calculate the highest common factor of l and c.
9
Let q be (4*1/(15/10))/((-16)/(-24)). Calculate the greatest common divisor of 5 and q.
1
Let v = 4219 + -3933. Calculate the highest common divisor of v and 208.
26
Suppose 107*j - 56680 = -67*j + 44*j. What is the highest common divisor of j and 4?
4
Suppose 3*i - 5*h - 661 = 0, 4*h - 4 = -0. Let f = i - 187. Calculate the highest common factor of f and 315.
35
Let t = 218 - 170. Suppose 6*p + 165 = 183. Calculate the greatest common factor of t and p.
3
Suppose x - 114 = 19. Let d(g) = -6*g - 22. Let m be d(-10). Calculate the highest common factor of m and x.
19
Suppose -123 = -4*v - 3*j - 11, 3*v = 5*j + 84. Calculate the highest common factor of v and 175.
7
Let w(q) = q + 7. Suppose -v + 10 = -2*b, -3*b + 2*b - 4*v + 4 = 0. Let m be w(b). Suppose p - m*p + 64 = 0. What is the highest common divisor of 4 and p?
4
Let b be (-93)/5 + 20 + 3/(15/14443). Calculate the highest common factor of b and 10.
10
Let o(a) = -a**2 + 9*a - 7. Let j be o(9). Let g = -565 - -829. Let i be (-96)/j - (6 + g/(-42)). What is the greatest common divisor of 154 and i?
14
Let x(f) = f**3 + 2*f**2 - 4*f - 7. Let u be x(-2). Let c be 5/((-5)/u)*-232. Calculate the greatest common factor of c and 174.
58
Let b be (-25 - -155) + -2 + (-5)/(10/4). Suppose -15 = -4*x - 3. Suppose x*z - 63 = -21. Calculate the highest common divisor of z and b.
14
Let u be 66/(-165) - (-2522)/5. Suppose 16*n - 9*n = u. Calculate the greatest common factor of n and 27.
9
Let x be 10 - (-10 - -3) - -265. What is the greatest common divisor of 893 and x?
47
Let o be ((-120)/(-9))/(35/5838). Calculate the highest common divisor of o and 16.
16
Suppose -66 = -4*b - 415*r + 413*r, 0 = -5*b + r + 51. Calculate the greatest common divisor of b and 1059.
3
Suppose -4932 - 1250 = -7*i + 16568. What is the greatest common divisor of i and 390?
130
Let d be 124/(-5)*(19 + (-1730)/20). What is the greatest common divisor of d and 124?
62
Suppose 4*j + 5*n = 804, -4*j + 4*n + 595 = -173. Suppose -53*w = -51*w - j. What is the greatest common factor of 14 and w?
14
Let c = -288 + 634. Let z = 695 - c. Let n = z + -232. What is the greatest common factor of 13 and n?
13
Let x be 1/6 + 116/24. Suppose x*n - 7*n = 4. Let j be 70/4*4 - n. What is the greatest common factor of 18 and j?
18
Let q(p) = 10*p**2 + 37*p - 35. Let x be q(-7). Calculate the greatest common divisor of x and 518.
14
Suppose 1143 - 639 = 4*t. Let s be ((-3)/3)/((-7)/t). What is the highest common divisor of s and 9?
9
Let i = 19 + 59. Let z = 290 - 299. Let g = z + 15. What is the greatest common divisor of g and i?
6
Let u(f) = f**3 + 8*f**2 - 4*f + 1. Let q be u(-7). Let l = -48 + q. Suppose -15*d + 225 = l. What is the greatest common divisor of 52 and d?
13
Suppose 4*y + 20 = 3*j, 9*j = 4*j + 3*y + 26. Let q be ((-226)/(-6) - j) + (-3)/(-9). Calculate the greatest common divisor of 357 and q.
17
Let h = 2599 - -2522. Calculate the greatest common factor of h and 18.
9
Let z = -791 + 3811. What is the highest common factor of z and 40?
20
Let s(m) = -m + 35. Let c be s(32). Suppose 238 = 14*t + c*t. Suppose -h + 460 = 4*a + 2*h, -436 = -4*a + 3*h. Calculate the greatest common factor of t and a.
14
Let x be 1518/36 - 5*(-9)/(-270). Calculate the greatest common factor of x and 574.
14
Suppose -180*d - 1014 = -193*d. Calculate the highest common factor of 1911 and d.
39
Let o(z) = 20*z + 4*z - 157 - 11*z + 0*z. Let w be o(13). What is the highest common divisor of w and 54?
6
Suppose 0 = -36*b + 11*b + 425. Suppose 2*d + d - 408 = 0. Calculate the highest common divisor of d and b.
17
Let t(n) = n**2 - 23*n + 16. Let f be t(22). Let g(o) = 3*o**2 + 42 + 7*o + 7*o - 5*o. Let r be g(f). Calculate the highest common factor of r and 12.
12
Let m be 45/27 + (-777)/(-9). Calculate the greatest common divisor of 517 and m.
11
Let z = -4096 - -7982. Calculate the highest common factor of z and 134.
134
Suppose -2*r - 11*h = -16*h - 35, -r = 3*h + 10. Suppose 4*i - r*z = -i + 2245, -1 = -z. What is the highest common factor of i and 30?
30
Suppose 0 = -7*x - 3*b + 1714, -x + 242 = -7*b + 8*b. Calculate the greatest common divisor of x and 95.
19
Let b(u) = -5*u**2 - 17*u - 15. Let m(y) = 2*y**2 + y - 2. Let a(t) = -b(t) - 3*m(t). Let p be a(13). What is the highest common factor of 119 and p?
17
Let r be 15*(3632/(-80))/((-3)/21). Calculate the greatest common divisor of 42 and r.
21
Let t be (2 - 0)*(0 - (0 - 2)). Let x be (t - 0)/(10/(-15)). Let j(b) = -b**3 - 5*b**2 + b - 6. Let a be j(x). Calculate the greatest common factor of a and 3.
3
Suppose 18*n + 407*n = 958800. Calculate the highest common divisor of 384 and n.
48
Let z(h) be the second derivative of h**5/20 - 19*h**4/12 + h**3 - 26*h**2 + 3*h + 11. Let m be z(19). What is the highest common divisor of m and 2?
2
Suppose -112 - 2 = -6*n. Let u(x) = x**3 - 4*x**2 - 8*x - 4. Let t be u(6). Suppose 11 = t*p - n*p. What is the greatest common factor of 88 and p?
11
Suppose 343 = -99*d + 131*d - 2121. Let t = 8 + 3. Calculate the greatest common factor of t and d.
11
Suppose -4*f + 25012 = -4*d, 0 = 5*d - 7*d + 4. Calculate the greatest common factor of f and 3.
3
Let z be (80 - 79)/(-2 + (-23151)/(-11575)). Calculate the greatest common factor of 25 and z.
25
Let y(d) = 636*d**2 - d. Let h be y(-1). Suppose -283*b = -36*b - 12103. Calculate the highest common divisor of b and h.
49
Let i be (-1207)/(-68) + (114/(-24) - -6). What is the greatest common factor of i and 2299?
19
Let w = 2876 + -2718. Calculate the greatest common divisor of 3713 and w.
79
Suppose 2*x - 1785 = 2*k - 7*k, 2*x - 3*k = 1761. What is the highest common factor of 1593 and x?
177
Suppose 5*y + 19 - 207 = 3*z, 5*y - 220 = -5*z. Suppose 2*v - 9*o + 12*o = y, 0 = -4*v - 5*o + 78. Calculate the greatest common divisor of v and 34.
17
Suppose b - 4*j = 6952, 7301 + 6593 = 2*b - 3*j. Calculate the highest common divisor of 155 and b.
31
Let c(u) = 104*u**2 + 16*u - 115. Let q be c(6). What is the highest common factor of 25 and q?
25
Suppose -5*q - 37*u + 71 = -36*u, 0 = -4*q + 2*u + 96. Let s = 445 + -139. Calculate the greatest common divisor of q and s.
17
Let w = -487 + 544. Let k be (-1032)/20 + 2/(-5). Let s = k - -90. Calcula